{"id":335,"date":"2016-03-02T06:54:43","date_gmt":"2016-03-02T06:54:43","guid":{"rendered":"http:\/\/clinicacamarma.com\/nueva\/?page_id=335"},"modified":"2016-04-01T13:28:26","modified_gmt":"2016-04-01T13:28:26","slug":"endodoncia-clinica-dental-camarma","status":"publish","type":"page","link":"https:\/\/clinicacamarma.com\/?page_id=335","title":{"rendered":"Endodoncia"},"content":{"rendered":"<div id=\"pl-335\"  class=\"panel-layout\" ><div id=\"pg-335-0\"  class=\"panel-grid panel-no-style\" ><div id=\"pgc-335-0-0\"  class=\"panel-grid-cell\" ><div id=\"panel-335-0-0-0\" class=\"so-panel widget widget_sow-editor panel-first-child\" data-index=\"0\" ><div\n\t\t\t\n\t\t\tclass=\"so-widget-sow-editor so-widget-sow-editor-base\"\n\t\t\t\n\t\t>\n<div class=\"siteorigin-widget-tinymce textwidget\">\n\t<p>Consiste en eliminar el tejido pulpar enfermo (infectado) del interior de las ra\u00edces del diente, para evitar su extracci\u00f3n y que, de esta manera pueda seguir cumpliendo sus funciones de masticaci\u00f3n y est\u00e9tica. La alternativa a la endodoncia es la extracci\u00f3n.<\/p>\n<p>&nbsp;<\/p>\n<\/div>\n<\/div><\/div><div id=\"panel-335-0-0-1\" class=\"so-panel widget widget_sow-image\" data-index=\"1\" ><div\n\t\t\t\n\t\t\tclass=\"so-widget-sow-image so-widget-sow-image-default-c67d20f9f743-335\"\n\t\t\t\n\t\t>\n<div class=\"sow-image-container\">\n\t\t<img \n\tsrc=\"https:\/\/clinicacamarma.com\/wp-content\/uploads\/2016\/03\/clinicadentalpinar_endodoncia.jpg\" width=\"450\" height=\"180\" srcset=\"https:\/\/clinicacamarma.com\/wp-content\/uploads\/2016\/03\/clinicadentalpinar_endodoncia.jpg 450w, https:\/\/clinicacamarma.com\/wp-content\/uploads\/2016\/03\/clinicadentalpinar_endodoncia-300x120.jpg 300w\" sizes=\"(max-width: 450px) 100vw, 450px\" alt=\"\" \t\tclass=\"so-widget-image\"\/>\n\t<\/div>\n\n<\/div><\/div><div id=\"panel-335-0-0-2\" class=\"so-panel widget widget_sow-editor panel-last-child\" data-index=\"2\" ><div\n\t\t\t\n\t\t\tclass=\"so-widget-sow-editor so-widget-sow-editor-base\"\n\t\t\t\n\t\t>\n<div class=\"siteorigin-widget-tinymce textwidget\">\n\t<p>\u00a0<\/p>\n<p>Se realiza cuando la pulpa est\u00e1 afectada de forma irreversible por caries profundas o traumatismos.\u00a0En estos casos el diente se vuelve sensible al fr\u00edo, al calor y\/o a la masticaci\u00f3n.<\/p>\n<p>La Dra. Sara Rodr\u00edguez es especialista en endodoncia y odontolog\u00eda conservadora.\u00a0<\/p>\n<\/div>\n<\/div><\/div><\/div><\/div><\/div>","protected":false},"excerpt":{"rendered":"<p>Consiste en eliminar el tejido pulpar enfermo (infectado) del interior de las ra\u00edces del diente, para evitar su extracci\u00f3n y que, de esta manera pueda seguir cumpliendo sus funciones de masticaci\u00f3n y est\u00e9tica. La alternativa a la endodoncia es la extracci\u00f3n. &nbsp; \u00a0Se realiza cuando la pulpa est\u00e1 afectada de forma irreversible por caries profundas [&hellip;]<\/p>\n","protected":false},"author":1,"featured_media":0,"parent":0,"menu_order":0,"comment_status":"closed","ping_status":"closed","template":"","meta":{"footnotes":""},"_links":{"self":[{"href":"https:\/\/clinicacamarma.com\/index.php?rest_route=\/wp\/v2\/pages\/335"}],"collection":[{"href":"https:\/\/clinicacamarma.com\/index.php?rest_route=\/wp\/v2\/pages"}],"about":[{"href":"https:\/\/clinicacamarma.com\/index.php?rest_route=\/wp\/v2\/types\/page"}],"author":[{"embeddable":true,"href":"https:\/\/clinicacamarma.com\/index.php?rest_route=\/wp\/v2\/users\/1"}],"replies":[{"embeddable":true,"href":"https:\/\/clinicacamarma.com\/index.php?rest_route=%2Fwp%2Fv2%2Fcomments&post=335"}],"version-history":[{"count":5,"href":"https:\/\/clinicacamarma.com\/index.php?rest_route=\/wp\/v2\/pages\/335\/revisions"}],"predecessor-version":[{"id":501,"href":"https:\/\/clinicacamarma.com\/index.php?rest_route=\/wp\/v2\/pages\/335\/revisions\/501"}],"wp:attachment":[{"href":"https:\/\/clinicacamarma.com\/index.php?rest_route=%2Fwp%2Fv2%2Fmedia&parent=335"}],"curies":[{"name":"wp","href":"https:\/\/api.w.org\/{rel}","templated":true}]}}