{"id":275,"date":"2016-03-01T18:30:11","date_gmt":"2016-03-01T18:30:11","guid":{"rendered":"http:\/\/clinicacamarma.com\/nueva\/?page_id=275"},"modified":"2026-02-19T16:40:53","modified_gmt":"2026-02-19T16:40:53","slug":"nuestro-equipo-clinica-dental-camarma","status":"publish","type":"page","link":"https:\/\/clinicacamarma.com\/?page_id=275","title":{"rendered":"Nuestro Equipo"},"content":{"rendered":"<div id=\"pl-275\"  class=\"panel-layout\" ><div id=\"pg-275-0\"  class=\"panel-grid panel-no-style\" ><div id=\"pgc-275-0-0\"  class=\"panel-grid-cell\" ><div id=\"panel-275-0-0-0\" class=\"so-panel widget widget_text panel-first-child\" data-index=\"0\" >\t\t\t<div class=\"textwidget\"><p>&nbsp;<\/p>\n<p>&nbsp;<\/p>\n<\/div>\n\t\t<\/div><div id=\"panel-275-0-0-1\" class=\"so-panel widget widget_sow-image panel-last-child\" data-index=\"1\" ><div\n\t\t\t\n\t\t\tclass=\"so-widget-sow-image so-widget-sow-image-default-c67d20f9f743-275\"\n\t\t\t\n\t\t>\n<div class=\"sow-image-container\">\n\t\t<img \n\tsrc=\"https:\/\/clinicacamarma.com\/wp-content\/uploads\/2025\/11\/equipo-camarma-pablo-gonzalez.jpg\" width=\"102\" height=\"140\" sizes=\"(max-width: 102px) 100vw, 102px\" alt=\"\" \t\tclass=\"so-widget-image\"\/>\n\t<\/div>\n\n<\/div><\/div><\/div><div id=\"pgc-275-0-1\"  class=\"panel-grid-cell panel-grid-cell-empty\" ><\/div><div id=\"pgc-275-0-2\"  class=\"panel-grid-cell\" ><div id=\"panel-275-0-2-0\" class=\"so-panel widget widget_sow-editor panel-first-child panel-last-child\" data-index=\"2\" ><div\n\t\t\t\n\t\t\tclass=\"so-widget-sow-editor so-widget-sow-editor-base\"\n\t\t\t\n\t\t><h3 class=\"widget-title\">Pablo Gonz\u00e1lez Fern\u00e1ndez<\/h3>\n<div class=\"siteorigin-widget-tinymce textwidget\">\n\t<ul>\n<li>Licenciado en Odontolog\u00eda. Universidad Alfonso X El Sabio. Madrid.<\/li>\n<li>Diploma In Implant Dentistry. University of G\u00f6teborg. Suecia.<\/li>\n<li>Experto Universitario en Periodoncia. Madrid.<\/li>\n<li>Miembro de la SEPA (Sociedad Espa\u00f1ola de Periodoncia y Osteointegraci\u00f3n).<\/li>\n<li>N\u00ba Colegiado 28006690<\/li>\n<\/ul>\n<\/div>\n<\/div><\/div><\/div><\/div><div id=\"pg-275-1\"  class=\"panel-grid panel-no-style\" ><div id=\"pgc-275-1-0\"  class=\"panel-grid-cell\" ><div id=\"panel-275-1-0-0\" class=\"so-panel widget widget_text panel-first-child\" data-index=\"3\" >\t\t\t<div class=\"textwidget\"><p>&nbsp;<\/p>\n<p>&nbsp;<\/p>\n<\/div>\n\t\t<\/div><div id=\"panel-275-1-0-1\" class=\"so-panel widget widget_sow-image panel-last-child\" data-index=\"4\" ><div\n\t\t\t\n\t\t\tclass=\"so-widget-sow-image so-widget-sow-image-default-c67d20f9f743-275\"\n\t\t\t\n\t\t>\n<div class=\"sow-image-container\">\n\t\t<img \n\tsrc=\"https:\/\/clinicacamarma.com\/wp-content\/uploads\/2025\/11\/equipo-camarma-sara-gallo.jpg\" width=\"102\" height=\"137\" sizes=\"(max-width: 102px) 100vw, 102px\" alt=\"\" \t\tclass=\"so-widget-image\"\/>\n\t<\/div>\n\n<\/div><\/div><\/div><div id=\"pgc-275-1-1\"  class=\"panel-grid-cell panel-grid-cell-empty\" ><\/div><div id=\"pgc-275-1-2\"  class=\"panel-grid-cell\" ><div id=\"panel-275-1-2-0\" class=\"so-panel widget widget_sow-editor panel-first-child panel-last-child\" data-index=\"5\" ><div\n\t\t\t\n\t\t\tclass=\"so-widget-sow-editor so-widget-sow-editor-base\"\n\t\t\t\n\t\t><h3 class=\"widget-title\">Sara Rodr\u00edguez Gayo<\/h3>\n<div class=\"siteorigin-widget-tinymce textwidget\">\n\t<ul>\n<li>Licenciada en Odontologia. Universidad Complutense de Madrid.<\/li>\n<li>Experto Universitario en Odontolog\u00eda Conservadora y Endodoncia. Univ. de Sevilla.<\/li>\n<li>Diploma Universitario en Odontolog\u00eda Estetica. Universidad Complutense de Madrid.<\/li>\n<li>Miembro de AEDE (Asociaci\u00f3n Espa\u00f1ola de Endodoncia).<\/li>\n<li>N\u00ba Colegiado 28006576<\/li>\n<\/ul>\n<\/div>\n<\/div><\/div><\/div><\/div><div id=\"pg-275-2\"  class=\"panel-grid panel-no-style\" ><div id=\"pgc-275-2-0\"  class=\"panel-grid-cell\" ><div id=\"panel-275-2-0-0\" class=\"so-panel widget widget_text panel-first-child\" data-index=\"6\" >\t\t\t<div class=\"textwidget\"><p>&nbsp;<\/p>\n<p>&nbsp;<\/p>\n<\/div>\n\t\t<\/div><div id=\"panel-275-2-0-1\" class=\"so-panel widget widget_sow-image panel-last-child\" data-index=\"7\" ><div\n\t\t\t\n\t\t\tclass=\"so-widget-sow-image so-widget-sow-image-default-c67d20f9f743-275\"\n\t\t\t\n\t\t>\n<div class=\"sow-image-container\">\n\t\t<img \n\tsrc=\"https:\/\/clinicacamarma.com\/wp-content\/uploads\/2016\/03\/raquel-asensio.jpg\" width=\"102\" height=\"125\" sizes=\"(max-width: 102px) 100vw, 102px\" alt=\"\" \t\tclass=\"so-widget-image\"\/>\n\t<\/div>\n\n<\/div><\/div><\/div><div id=\"pgc-275-2-1\"  class=\"panel-grid-cell panel-grid-cell-empty\" ><\/div><div id=\"pgc-275-2-2\"  class=\"panel-grid-cell\" ><div id=\"panel-275-2-2-0\" class=\"so-panel widget widget_sow-editor panel-first-child panel-last-child\" data-index=\"8\" ><div\n\t\t\t\n\t\t\tclass=\"so-widget-sow-editor so-widget-sow-editor-base\"\n\t\t\t\n\t\t><h3 class=\"widget-title\">Raquel Asencio Alonso<\/h3>\n<div class=\"siteorigin-widget-tinymce textwidget\">\n\t<ul>\n<li>Licenciada en Odontologia. Univ. de Granada. Postgrado por la Univ. de Nueva York.<\/li>\n<li>Ortodoncista exclusiva.<\/li>\n<li>Profesora de Ortodoncia de la Universidad Alfonso X El Sabio.<\/li>\n<li>Miembro de la Sociedad Americana de Ortodoncia.<\/li>\n<li>N\u00ba Colegiado 28005297<\/li>\n<\/ul>\n<\/div>\n<\/div><\/div><\/div><\/div><div id=\"pg-275-3\"  class=\"panel-grid panel-no-style\" ><div id=\"pgc-275-3-0\"  class=\"panel-grid-cell\" ><div id=\"panel-275-3-0-0\" class=\"so-panel widget widget_text panel-first-child\" data-index=\"9\" >\t\t\t<div class=\"textwidget\"><p>&nbsp;<\/p>\n<p>&nbsp;<\/p>\n<\/div>\n\t\t<\/div><div id=\"panel-275-3-0-1\" class=\"so-panel widget widget_sow-image panel-last-child\" data-index=\"10\" ><div\n\t\t\t\n\t\t\tclass=\"so-widget-sow-image so-widget-sow-image-default-c67d20f9f743-275\"\n\t\t\t\n\t\t>\n<div class=\"sow-image-container\">\n\t\t<img \n\tsrc=\"https:\/\/clinicacamarma.com\/wp-content\/uploads\/2016\/03\/carolina-daimiel.jpg\" width=\"102\" height=\"125\" sizes=\"(max-width: 102px) 100vw, 102px\" alt=\"\" \t\tclass=\"so-widget-image\"\/>\n\t<\/div>\n\n<\/div><\/div><\/div><div id=\"pgc-275-3-1\"  class=\"panel-grid-cell panel-grid-cell-empty\" ><\/div><div id=\"pgc-275-3-2\"  class=\"panel-grid-cell\" ><div id=\"panel-275-3-2-0\" class=\"so-panel widget widget_sow-editor panel-first-child panel-last-child\" data-index=\"11\" ><div\n\t\t\t\n\t\t\tclass=\"so-widget-sow-editor so-widget-sow-editor-base\"\n\t\t\t\n\t\t><h3 class=\"widget-title\">Carolina Daimiel Rupp<\/h3>\n<div class=\"siteorigin-widget-tinymce textwidget\">\n\t<ul>\n<li>Licenciada en Odontolog\u00eda. Universidad Rey Juan Carlos.<\/li>\n<li>Master en Odontopediatr\u00eda. Hospital San Rafael.<\/li>\n<li>Miembro SEOP (Sociedad Espa\u00f1ola de Odontopediatr\u00eda)<\/li>\n<li>N\u00ba Colegiado 28012985<\/li>\n<\/ul>\n<\/div>\n<\/div><\/div><\/div><\/div><div id=\"pg-275-4\"  class=\"panel-grid panel-no-style\" ><div id=\"pgc-275-4-0\"  class=\"panel-grid-cell\" ><div id=\"panel-275-4-0-0\" class=\"so-panel widget widget_text panel-first-child\" data-index=\"12\" >\t\t\t<div class=\"textwidget\"><p>&nbsp;<\/p>\n<p>&nbsp;<\/p>\n<\/div>\n\t\t<\/div><div id=\"panel-275-4-0-1\" class=\"so-panel widget widget_sow-image panel-last-child\" data-index=\"13\" ><div\n\t\t\t\n\t\t\tclass=\"so-widget-sow-image so-widget-sow-image-default-c67d20f9f743-275\"\n\t\t\t\n\t\t>\n<div class=\"sow-image-container\">\n\t\t<img \n\tsrc=\"https:\/\/clinicacamarma.com\/wp-content\/uploads\/2025\/11\/equipo-camarma-raquel-campos.jpg\" width=\"102\" height=\"137\" sizes=\"(max-width: 102px) 100vw, 102px\" alt=\"\" \t\tclass=\"so-widget-image\"\/>\n\t<\/div>\n\n<\/div><\/div><\/div><div id=\"pgc-275-4-1\"  class=\"panel-grid-cell panel-grid-cell-empty\" ><\/div><div id=\"pgc-275-4-2\"  class=\"panel-grid-cell\" ><div id=\"panel-275-4-2-0\" class=\"so-panel widget widget_sow-editor panel-first-child panel-last-child\" data-index=\"14\" ><div\n\t\t\t\n\t\t\tclass=\"so-widget-sow-editor so-widget-sow-editor-base\"\n\t\t\t\n\t\t><h3 class=\"widget-title\">Raquel Campos Garc\u00eda<\/h3>\n<div class=\"siteorigin-widget-tinymce textwidget\">\n\t<ul>\n<li>Higienista Dental.<\/li>\n<li>Colegiada n\u00famero 280948.<\/li>\n<\/ul>\n<\/div>\n<\/div><\/div><\/div><\/div><div id=\"pg-275-5\"  class=\"panel-grid panel-no-style\" ><div id=\"pgc-275-5-0\"  class=\"panel-grid-cell\" ><div id=\"panel-275-5-0-0\" class=\"so-panel widget widget_text panel-first-child\" data-index=\"15\" >\t\t\t<div class=\"textwidget\"><p>&nbsp;<\/p>\n<p>&nbsp;<\/p>\n<\/div>\n\t\t<\/div><div id=\"panel-275-5-0-1\" class=\"so-panel widget widget_sow-image panel-last-child\" data-index=\"16\" ><div\n\t\t\t\n\t\t\tclass=\"so-widget-sow-image so-widget-sow-image-default-c67d20f9f743-275\"\n\t\t\t\n\t\t>\n<div class=\"sow-image-container\">\n\t\t<img \n\tsrc=\"https:\/\/clinicacamarma.com\/wp-content\/uploads\/2025\/11\/equipo-camarma-patricia-lopez.jpg\" width=\"102\" height=\"137\" sizes=\"(max-width: 102px) 100vw, 102px\" alt=\"\" \t\tclass=\"so-widget-image\"\/>\n\t<\/div>\n\n<\/div><\/div><\/div><div id=\"pgc-275-5-1\"  class=\"panel-grid-cell panel-grid-cell-empty\" ><\/div><div id=\"pgc-275-5-2\"  class=\"panel-grid-cell\" ><div id=\"panel-275-5-2-0\" class=\"so-panel widget widget_sow-editor panel-first-child panel-last-child\" data-index=\"17\" ><div\n\t\t\t\n\t\t\tclass=\"so-widget-sow-editor so-widget-sow-editor-base\"\n\t\t\t\n\t\t><h3 class=\"widget-title\">Patricia L\u00f3pez Llanos<\/h3>\n<div class=\"siteorigin-widget-tinymce textwidget\">\n\t<ul>\n<li>Higienista Dental.<\/li>\n<li>Colegiada n\u00famero 285073<\/li>\n<\/ul>\n<\/div>\n<\/div><\/div><\/div><\/div><div id=\"pg-275-6\"  class=\"panel-grid panel-no-style\" ><div id=\"pgc-275-6-0\"  class=\"panel-grid-cell\" ><div id=\"panel-275-6-0-0\" class=\"so-panel widget widget_text panel-first-child\" data-index=\"18\" >\t\t\t<div class=\"textwidget\"><p>&nbsp;<\/p>\n<p>&nbsp;<\/p>\n<\/div>\n\t\t<\/div><div id=\"panel-275-6-0-1\" class=\"so-panel widget widget_sow-image panel-last-child\" data-index=\"19\" ><div\n\t\t\t\n\t\t\tclass=\"so-widget-sow-image so-widget-sow-image-default-c67d20f9f743-275\"\n\t\t\t\n\t\t>\n<div class=\"sow-image-container\">\n\t\t<img \n\tsrc=\"https:\/\/clinicacamarma.com\/wp-content\/uploads\/2025\/11\/equipo-camarma-loli-jurado.jpg\" width=\"102\" height=\"145\" sizes=\"(max-width: 102px) 100vw, 102px\" alt=\"\" \t\tclass=\"so-widget-image\"\/>\n\t<\/div>\n\n<\/div><\/div><\/div><div id=\"pgc-275-6-1\"  class=\"panel-grid-cell panel-grid-cell-empty\" ><\/div><div id=\"pgc-275-6-2\"  class=\"panel-grid-cell\" ><div id=\"panel-275-6-2-0\" class=\"so-panel widget widget_sow-editor panel-first-child panel-last-child\" data-index=\"20\" ><div\n\t\t\t\n\t\t\tclass=\"so-widget-sow-editor so-widget-sow-editor-base\"\n\t\t\t\n\t\t><h3 class=\"widget-title\">Loli Jurado Valiente<\/h3>\n<div class=\"siteorigin-widget-tinymce textwidget\">\n\t<ul>\n<li>Higienista Dental.<\/li>\n<li>Colegiada n\u00famero 282987<\/li>\n<\/ul>\n<\/div>\n<\/div><\/div><\/div><\/div><\/div>","protected":false},"excerpt":{"rendered":"<p>&nbsp; &nbsp; Licenciado en Odontolog\u00eda. Universidad Alfonso X El Sabio. Madrid. Diploma In Implant Dentistry. University of G\u00f6teborg. Suecia. Experto Universitario en Periodoncia. Madrid. Miembro de la SEPA (Sociedad Espa\u00f1ola de Periodoncia y Osteointegraci\u00f3n). N\u00ba Colegiado 28006690 &nbsp; &nbsp; Licenciada en Odontologia. Universidad Complutense de Madrid. Experto Universitario en Odontolog\u00eda Conservadora y Endodoncia. Univ. de [&hellip;]<\/p>\n","protected":false},"author":1,"featured_media":0,"parent":0,"menu_order":0,"comment_status":"closed","ping_status":"closed","template":"","meta":{"footnotes":""},"_links":{"self":[{"href":"https:\/\/clinicacamarma.com\/index.php?rest_route=\/wp\/v2\/pages\/275"}],"collection":[{"href":"https:\/\/clinicacamarma.com\/index.php?rest_route=\/wp\/v2\/pages"}],"about":[{"href":"https:\/\/clinicacamarma.com\/index.php?rest_route=\/wp\/v2\/types\/page"}],"author":[{"embeddable":true,"href":"https:\/\/clinicacamarma.com\/index.php?rest_route=\/wp\/v2\/users\/1"}],"replies":[{"embeddable":true,"href":"https:\/\/clinicacamarma.com\/index.php?rest_route=%2Fwp%2Fv2%2Fcomments&post=275"}],"version-history":[{"count":28,"href":"https:\/\/clinicacamarma.com\/index.php?rest_route=\/wp\/v2\/pages\/275\/revisions"}],"predecessor-version":[{"id":774,"href":"https:\/\/clinicacamarma.com\/index.php?rest_route=\/wp\/v2\/pages\/275\/revisions\/774"}],"wp:attachment":[{"href":"https:\/\/clinicacamarma.com\/index.php?rest_route=%2Fwp%2Fv2%2Fmedia&parent=275"}],"curies":[{"name":"wp","href":"https:\/\/api.w.org\/{rel}","templated":true}]}}