{"id":219,"date":"2015-10-07T21:12:01","date_gmt":"2015-10-07T21:12:01","guid":{"rendered":"http:\/\/demo.shufflehound.com\/maskitto-light-blue\/?page_id=219"},"modified":"2026-02-20T06:56:41","modified_gmt":"2026-02-20T06:56:41","slug":"contactar-clinica-dental-camarma","status":"publish","type":"page","link":"https:\/\/clinicacamarma.com\/?page_id=219","title":{"rendered":"Contactos"},"content":{"rendered":"<div id=\"pl-219\"  class=\"panel-layout\" ><div id=\"pg-219-0\"  class=\"panel-grid panel-no-style\" ><div id=\"pgc-219-0-0\"  class=\"panel-grid-cell\" ><div id=\"panel-219-0-0-0\" class=\"so-panel widget widget_maskitto_include_other_page panel-first-child\" data-index=\"0\" >\t        <div id=\"page-id-102\" class=\"page-template-contact page-section\" style=\"\">\n\t            <div class=\"container page-list\">\n\n\n\t                \n\t                    \t                        <div class=\"page-node section-title text-center\">\n\t                            <h3 style=\"\">\n\t                                Contactar\t                                \t                            <\/h3>\n\n\t                            \t                                <div class=\"subtitle\">\n\t                                    <p>Situaci\u00f3n y contacto de la cl\u00ednica dental Camarma<\/p>\n\t                                <\/div>\n\t                            \n\t                            \t                                <div class=\"section-title-line\"><\/div>\n\t                            \t                        <\/div>\n\t                    \n\t                    \n\t                \n\n\t                \t                    <div class=\"page-node contact-section\">\n\t                        <div>\n\t                        \t<div class=\"post-inner\"><table style=\"text-align: left; width: 90%; display: block; float: left;\">\n<tbody>\n<tr>\n<td><strong>Horario<\/strong><br \/>\nSi desea contactar con la Cl\u00ednica Dental Camarma les recordamos que nuestro horario es:<\/p>\n<p>LUNES, MARTES Y MI\u00c9RCOLES de 9:30 a 13:30 y de 16 a 20.<\/p>\n<p>JUEVES de 10 a 14 y de 16 a 20.<\/p>\n<p>VIERNES de 10,30 a 13.30.<br \/>\n<strong>Coordenadas:<\/strong><br \/>\nLatitud. 40.55051 (-40\u00b0 33&#8242; 1.84 \u00ab) &#8211; Longitud. -3.373597 (-3\u00b0 22&#8242; 24.95\u00bb)<\/td>\n<td><strong>Informacion<\/strong><br \/>\nTel\u00e9fono de contacto y citas &#8211; 91 88 66 934<br \/>\nE-mail:info@clinicacamarma.com<\/p>\n<p>dentalcamarma@gmail.com<\/p>\n<p>C\/ Alfareros, 2 &#8211; Local 9, 28816 Camarma de Esteruelas (Madrid)<\/td>\n<\/tr>\n<\/tbody>\n<\/table>\n<\/div>\n\t                        <\/div>\n\t                        \t                            <div class=\"contact-social-icons\">  \n\t                                \n\t\t\n\t\t\t\t\t<a href=\"https:\/\/www.facebook.com\/\" target = \"_blank\" ><i class=\"fa fa-facebook\"><\/i><\/a>\n\t\t\n\t\t\n\t\t\n\t\t\n\t\t\n\t\t\n\t\t\n\t\t\n\t\t\n\t\t\n\t\t\n\t\t\n\t\t\n\t\t\n\n    \t                            <\/div>\n\t                        \t                    <\/div>\n\t                            \n\n\n\t                \t                \n\n\t\t\t\t\t\t\t                \t                \t            <\/div>\n\t        <\/div>\n\n\n\t        \n\n\t\t<\/div><div id=\"panel-219-0-0-1\" class=\"widget_text so-panel widget widget_custom_html panel-last-child\" data-index=\"1\" ><div class=\"textwidget custom-html-widget\"><iframe src=\"https:\/\/www.google.com\/maps\/embed?pb=!1m18!1m12!1m3!1d3031.593315108258!2d-3.3761692248968043!3d40.55057324748382!2m3!1f0!2f0!3f0!3m2!1i1024!2i768!4f13.1!3m3!1m2!1s0xd424b0404da0bef%3A0x3941aed6eec85b23!2sClinica%20Camarma!5e0!3m2!1ses!2ses!4v1771570539737!5m2!1ses!2ses\" width=\"100%\" height=\"450\" style=\"border:0;\" allowfullscreen=\"\" loading=\"lazy\" referrerpolicy=\"no-referrer-when-downgrade\"><\/iframe><\/div><\/div><\/div><\/div><\/div>","protected":false},"excerpt":{"rendered":"<p>Contactar Situaci\u00f3n y contacto de la cl\u00ednica dental Camarma Horario Si desea contactar con la Cl\u00ednica Dental Camarma les recordamos que nuestro horario es: LUNES, MARTES Y MI\u00c9RCOLES de 9:30 a 13:30 y de 16 a 20. JUEVES de 10 a 14 y de 16 a 20. VIERNES de 10,30 a 13.30. Coordenadas: Latitud. 40.55051 [&hellip;]<\/p>\n","protected":false},"author":1,"featured_media":0,"parent":0,"menu_order":0,"comment_status":"closed","ping_status":"closed","template":"template-home.php","meta":{"footnotes":""},"_links":{"self":[{"href":"https:\/\/clinicacamarma.com\/index.php?rest_route=\/wp\/v2\/pages\/219"}],"collection":[{"href":"https:\/\/clinicacamarma.com\/index.php?rest_route=\/wp\/v2\/pages"}],"about":[{"href":"https:\/\/clinicacamarma.com\/index.php?rest_route=\/wp\/v2\/types\/page"}],"author":[{"embeddable":true,"href":"https:\/\/clinicacamarma.com\/index.php?rest_route=\/wp\/v2\/users\/1"}],"replies":[{"embeddable":true,"href":"https:\/\/clinicacamarma.com\/index.php?rest_route=%2Fwp%2Fv2%2Fcomments&post=219"}],"version-history":[{"count":6,"href":"https:\/\/clinicacamarma.com\/index.php?rest_route=\/wp\/v2\/pages\/219\/revisions"}],"predecessor-version":[{"id":833,"href":"https:\/\/clinicacamarma.com\/index.php?rest_route=\/wp\/v2\/pages\/219\/revisions\/833"}],"wp:attachment":[{"href":"https:\/\/clinicacamarma.com\/index.php?rest_route=%2Fwp%2Fv2%2Fmedia&parent=219"}],"curies":[{"name":"wp","href":"https:\/\/api.w.org\/{rel}","templated":true}]}}